64. What is the remainder when f is divided by d?
16
What is the remainder when 124 is divided by 4/(-2)*(-18)/4?
7
Suppose -z - 24 = -3*z. Suppose -b = -3*q + 9, -b = 4*b + 4*q - z. Suppose b = 2*a + 3*g - 15, 0*a + 15 = a + 4*g. What is the remainder when 8 is divided by a?
2
Suppose 11*k - 2*k = 198. What is the remainder when 60 is divided by k?
16
Let a(g) = 11*g**2 - g + 2. Calculate the remainder when a(-2) is divided by 13.
9
Let a be 4/((-12)/417) - 1. Let d = a + 198. Calculate the remainder when 14 is divided by d/7 - (-12)/(-42).
6
Suppose -2 - 12 = -t. Let b(i) = -i**3 + 5*i**2 - 3*i + 1. Let q = 9 + -5. Calculate the remainder when t is divided by b(q).
4
Let q be 68/16 - (-2)/(-8). Suppose -q*d + 6*d = 10. Calculate the remainder when d is divided by 2.
1
Let m be 0*(-2 + 2 + -1). Suppose 6*g - 3*g - 21 = m. Suppose -3*s - s + 9 = -i, 0 = 2*s + 4*i - 18. Calculate the remainder when g is divided by s.
1
Suppose 32 = -3*j + 104. What is the remainder when 46 is divided by j?
22
Suppose d = 3*d. Suppose 0 = -5*b + 4*r + 283, d = 2*b - r - r - 114. Suppose -4*f + 1 = -b. What is the remainder when f is divided by 5?
4
Let p(i) = 2*i + 40. Let f(h) = -18*h + 1. Calculate the remainder when p(17) is divided by f(-1).
17
Let q(v) = 28*v**2 - 2*v + 1. Let m be q(1). Suppose 0*b = b - m. Calculate the remainder when b is divided by 10.
7
Suppose 2*r = 5*r - 99. Let p = r - 22. What is the remainder when p is divided by 7?
4
Calculate the remainder when 48 is divided by 51*(-4 - 52/(-12)).
14
Let d(n) = -n + 1. Let k(o) = -13*o**2 + 5*o - 6. Let f(u) = -5*d(u) - k(u). What is the remainder when 1 - 42/(-1) - 3 is divided by f(-1)?
12
Let d(u) = 11*u + 7. What is the remainder when 56 is divided by d(2)?
27
Suppose r - 5*y = -2*r + 210, 0 = 5*y. Let x = 2 - -22. What is the remainder when r is divided by x?
22
Let j be (-5)/(-20) + 22/8. Let h(a) = 9*a - 1. Calculate the remainder when 103 is divided by h(j).
25
Let g = -3 - -8. Suppose 6 = g*m - 79. What is the remainder when 49 is divided by m?
15
Suppose 3*l = -a + 6, 0*l + 6 = 3*a - 3*l. Suppose -4*s + n + a*n = 8, 4*s + 3*n = 20. What is the remainder when 6 is divided by s?
0
Suppose -4*r = 5*x + 2, -2*r + 5 = x + 3. Suppose 3*c - 30 = r*c. What is the remainder when 58 is divided by c?
28
Let v(t) = 7*t + 2. Let n = 216 - 211. Calculate the remainder when v(2) is divided by n.
1
Suppose -3*c + 96 = 4*a + 17, -5*c + 105 = 5*a. What is the remainder when 46 is divided by a?
14
Let j(c) = -c**2 + 2. Let p be j(2). Let z = 1 - p. What is the remainder when 7 is divided by z?
1
Let q(r) = 52*r**3 - r**2 + 2*r - 1. Calculate the remainder when q(1) is divided by 18.
16
Let p(k) = k + 13. Let v be p(-9). Suppose -n - 5*u + 25 = 0, v*n + 39 = -5*u + 109. Calculate the remainder when 59 is divided by n.
14
Suppose -2*q + 2*o = -84, 4*o = 14 - 34. Calculate the remainder when q is divided by 13*(-1 + 2)*1.
11
Let u = -16 + 42. Suppose -4*a = 3*b - 10, -3*b - 35 = -5*b + 3*a. Let w = -1 + b. Calculate the remainder when u is divided by w.
8
Suppose 0 = -3*i - 5 - 1, 2*l + 3*i = 36. Calculate the remainder when l is divided by 8.
5
Suppose -f + 10 = 4*f. Suppose 3 = f*u - 11. Suppose 4*o = 2*b + 70, -5*b + 12 = -b. What is the remainder when o is divided by u?
5
Let l = 32 + -15. What is the remainder when 1/(-1)*(-33 + 2) is divided by l?
14
Calculate the remainder when (-6)/(-27) + (-590)/(-18) is divided by 6.
3
Let u = 3 - -3. Let o = 253 + -236. Calculate the remainder when o is divided by u.
5
Let f(i) = 6*i + 4*i + 5 - 8. Calculate the remainder when f(3) is divided by 15.
12
Suppose -4*f + 13 = 5. Suppose 0*t + t = 4*l + 15, l = -2*t + 3. What is the remainder when (l/(-9))/((-1)/(-9)) is divided by f?
1
Suppose 9*d - 888 = 345. What is the remainder when d is divided by 28?
25
Let q(z) be the second derivative of z**4/6 + z**3/3 - 2*z**2 - 3*z. What is the remainder when 39 is divided by q(3)?
19
Let w = 3 - 8. Let o = 14 + w. What is the remainder when 26 is divided by o?
8
Suppose 313 - 16 = 3*x. Calculate the remainder when x is divided by 25.
24
Suppose 24 = 7*c - 5*c. What is the remainder when 22 is divided by c?
10
Suppose 26 = -4*q - 26. Let t = 2 - q. What is the remainder when 44 is divided by t?
14
Let a(q) = 2*q**2 + 5*q - 12. Calculate the remainder when a(-5) is divided by 4.
1
Calculate the remainder when 8 is divided by (-5 - -3)/(1*-4 + 2).
0
Suppose -r + 29 - 10 = 0. Let a be (-1)/(-3)*(-1 - -7). Suppose w + a = 7. What is the remainder when r is divided by w?
4
Let b(x) = x**2 + 2*x - 6. What is the remainder when b(5) is divided by (-73)/(-5) - 2/(-5)?
14
Suppose 5*w + 5*x - 79 = 66, -w = 3*x - 21. What is the remainder when w is divided by 6/(2/(-6) - -1)?
6
Let c(h) = 2*h - 2. Let f be c(2). What is the remainder when (-52 + 4 + -2)/(-2) is divided by (2/1)/f*13?
12
Suppose 6*c - r + 138 = 10*c, -3*c + 4*r + 113 = 0. Calculate the remainder when 100 is divided by c.
30
Let h = 3 - 3. Suppose h = -2*z + 10. Suppose 3*m + 0*m = i - z, i - 1 = 5*m. Calculate the remainder when i is divided by 4.
3
Let z = 20 - 13. Suppose -2*h = -z*h + 55. Calculate the remainder when 32 is divided by h.
10
Let p = 0 + 6. Let a be ((-4)/10)/(p/30). What is the remainder when 4/a*(-45)/2 is divided by 12?
9
Let p = -29 - -32. Suppose -5*i + 28 = -37. What is the remainder when i is divided by p?
1
Suppose -5*g - 2*r + 30 = -52, -5*r = -2*g + 27. Let h = 63 - 34. Calculate the remainder when h is divided by g.
13
Suppose -4*i = 3*c - 21 - 3, -5*c = -3*i - 40. Calculate the remainder when 12 is divided by c.
4
Let a(j) = 9*j + 229. Suppose d = -0*d + 11. Calculate the remainder when a(-21) is divided by d.
7
Let y = 151 - 75. What is the remainder when y is divided by 20?
16
Let s(a) = a**2 - 11*a - 19. Calculate the remainder when 41 is divided by s(13).
6
Suppose -12 = -4*l + 5*w - 3*w, 0 = 3*l + 4*w + 13. Let f be ((-1)/l + 2)/(-1). What is the remainder when 74 is divided by f - ((2 - 29) + 1)?
24
Suppose 3*c + 3*h - 33 = 0, -2*c - 5*h = -c - 7. Let v(m) = m**3 + 7*m**2 + 5*m - 1. Suppose 17 = -3*x - 1. Calculate the remainder when c is divided by v(x).
2
Let h = -7 - -14. What is the remainder when h is divided by 6?
1
Let z = -3 - 0. Let y be 1 + 0 + (-2 - z). Suppose 4*v - 80 = -0*d - y*d, 44 = 2*v + 2*d. Calculate the remainder when v is divided by 10.
8
Let i(d) = -2*d**3 - 9*d**2 - 5*d + 3. Suppose 0 = -2*q + q - 6. Calculate the remainder when i(q) is divided by 36.
33
Suppose 5*d - 37 + 12 = 0. Suppose -4*u = 2*b + b - 129, d*b + 5 = 0. Let i = -19 + u. What is the remainder when 27 is divided by i?
13
Suppose -950 + 265 = -5*r. Calculate the remainder when r is divided by 28.
25
Suppose -s + 0*o + 56 = o, 3*s - 163 = -4*o. Calculate the remainder when s is divided by 9.
7
Suppose 21 = 2*n + n. Suppose -2*i + 4*y - 70 = -7*i, -5*y - 97 = -4*i. Calculate the remainder when i is divided by n.
4
Calculate the remainder when 46 is divided by ((-34)/6)/((-13)/39).
12
Let s(q) = -2*q + 4*q - 15 - 5*q. What is the remainder when 35 is divided by s(-11)?
17
Suppose -5*z + 3*u + 59 = -z, z + 4*u + 9 = 0. What is the remainder when 32 is divided by z?
10
Suppose 4*m - 336 = -4*n, -5*n = -3*n - 5*m - 147. What is the remainder when n is divided by 21?
18
Let v = -5 - -2. Let l = 2 - v. Calculate the remainder when l is divided by 3.
2
Let r = 35 + 46. Calculate the remainder when r is divided by 14.
11
Let i = 139 + -60. Calculate the remainder when i is divided by (-6)/(-21) + (-828)/(-42).
19
Suppose 21 + 1 = 2*v. Suppose 0 = z - 1 - v. What is the remainder when 34 is divided by z?
10
Suppose 6 - 13 = -k. Suppose 0 = 3*a + k*x - 2*x, 8 = a - x. Calculate the remainder when 14 is divided by a.
4
Let f(u) = -3*u - 2. Suppose -n + 5*n - 52 = 0. Calculate the remainder when n is divided by f(-3).
6
Let v(o) = -10*o - 6*o + 2*o + 2 - o**2. Calculate the remainder when v(-12) is divided by 14.
12
Suppose 3*v = 5*j - 20, -2*j + 5*v = -7*j + 60. Let x be 14/j*(-2)/(-1). Suppose -2*f = x - 8. What is the remainder when 2 is divided by f?
0
Suppose -x + 4*i + 23 = 0, 2*x + 4 = -2*i - 0. Suppose 0 = 2*c - 11 - x. Calculate the remainder when c is divided by 4.
3
Let k = 228 - 203. Suppos